[INFO] fetching crate simple-hyper-server-tls 0.3.2...
[INFO] checking simple-hyper-server-tls-0.3.2 against master#e6e4f7ed1589e03bc2f6c5931c1a72e7947e8682 for beta-170-4
[INFO] extracting crate simple-hyper-server-tls 0.3.2 into /workspace/builds/worker-0-tc2/source
[INFO] validating manifest of crates.io crate simple-hyper-server-tls 0.3.2 on toolchain e6e4f7ed1589e03bc2f6c5931c1a72e7947e8682
[INFO] running `Command { std: CARGO_HOME="/workspace/cargo-home" RUSTUP_HOME="/workspace/rustup-home" "/workspace/cargo-home/bin/cargo" "+e6e4f7ed1589e03bc2f6c5931c1a72e7947e8682" "metadata" "--manifest-path" "Cargo.toml" "--no-deps", kill_on_drop: false }`
[INFO] started tweaking crates.io crate simple-hyper-server-tls 0.3.2
[INFO] removed 0 missing examples
[INFO] finished tweaking crates.io crate simple-hyper-server-tls 0.3.2
[INFO] tweaked toml for crates.io crate simple-hyper-server-tls 0.3.2 written to /workspace/builds/worker-0-tc2/source/Cargo.toml
[INFO] crate crates.io crate simple-hyper-server-tls 0.3.2 already has a lockfile, it will not be regenerated
[INFO] running `Command { std: CARGO_HOME="/workspace/cargo-home" RUSTUP_HOME="/workspace/rustup-home" "/workspace/cargo-home/bin/cargo" "+e6e4f7ed1589e03bc2f6c5931c1a72e7947e8682" "fetch" "--manifest-path" "Cargo.toml", kill_on_drop: false }`
[INFO] running `Command { std: "docker" "create" "-v" "/var/lib/crater-agent-workspace/builds/worker-0-tc2/target:/opt/rustwide/target:rw,Z" "-v" "/var/lib/crater-agent-workspace/builds/worker-0-tc2/source:/opt/rustwide/workdir:ro,Z" "-v" "/var/lib/crater-agent-workspace/cargo-home:/opt/rustwide/cargo-home:ro,Z" "-v" "/var/lib/crater-agent-workspace/rustup-home:/opt/rustwide/rustup-home:ro,Z" "-e" "SOURCE_DIR=/opt/rustwide/workdir" "-e" "CARGO_TARGET_DIR=/opt/rustwide/target" "-e" "CARGO_HOME=/opt/rustwide/cargo-home" "-e" "RUSTUP_HOME=/opt/rustwide/rustup-home" "-w" "/opt/rustwide/workdir" "-m" "1610612736" "--user" "0:0" "--network" "none" "ghcr.io/rust-lang/crates-build-env/linux@sha256:19e73879b68f455e41552ea35293514db52ea292d993f571636dbffedb77a1ee" "/opt/rustwide/cargo-home/bin/cargo" "+e6e4f7ed1589e03bc2f6c5931c1a72e7947e8682" "metadata" "--no-deps" "--format-version=1", kill_on_drop: false }`
[INFO] [stdout] bc8d94bacf879a385b4712e90fc1ff2cbf0640e25bf1ce81decb454624fe0d03
[INFO] running `Command { std: "docker" "start" "-a" "bc8d94bacf879a385b4712e90fc1ff2cbf0640e25bf1ce81decb454624fe0d03", kill_on_drop: false }`
[INFO] running `Command { std: "docker" "inspect" "bc8d94bacf879a385b4712e90fc1ff2cbf0640e25bf1ce81decb454624fe0d03", kill_on_drop: false }`
[INFO] running `Command { std: "docker" "rm" "-f" "bc8d94bacf879a385b4712e90fc1ff2cbf0640e25bf1ce81decb454624fe0d03", kill_on_drop: false }`
[INFO] [stdout] bc8d94bacf879a385b4712e90fc1ff2cbf0640e25bf1ce81decb454624fe0d03
[INFO] running `Command { std: "docker" "create" "-v" "/var/lib/crater-agent-workspace/builds/worker-0-tc2/target:/opt/rustwide/target:rw,Z" "-v" "/var/lib/crater-agent-workspace/builds/worker-0-tc2/source:/opt/rustwide/workdir:ro,Z" "-v" "/var/lib/crater-agent-workspace/cargo-home:/opt/rustwide/cargo-home:ro,Z" "-v" "/var/lib/crater-agent-workspace/rustup-home:/opt/rustwide/rustup-home:ro,Z" "-e" "SOURCE_DIR=/opt/rustwide/workdir" "-e" "CARGO_TARGET_DIR=/opt/rustwide/target" "-e" "CARGO_INCREMENTAL=0" "-e" "RUST_BACKTRACE=full" "-e" "RUSTFLAGS=--cap-lints=forbid" "-e" "RUSTDOCFLAGS=--cap-lints=forbid" "-e" "CARGO_HOME=/opt/rustwide/cargo-home" "-e" "RUSTUP_HOME=/opt/rustwide/rustup-home" "-w" "/opt/rustwide/workdir" "-m" "1610612736" "--user" "0:0" "--network" "none" "ghcr.io/rust-lang/crates-build-env/linux@sha256:19e73879b68f455e41552ea35293514db52ea292d993f571636dbffedb77a1ee" "/opt/rustwide/cargo-home/bin/cargo" "+e6e4f7ed1589e03bc2f6c5931c1a72e7947e8682" "check" "--frozen" "--all" "--all-targets" "--message-format=json", kill_on_drop: false }`
[INFO] [stdout] 84390e90f01c4bfc498b6664a0c15be70ef2f720aefe2c51a5b8b6539c311292
[INFO] running `Command { std: "docker" "start" "-a" "84390e90f01c4bfc498b6664a0c15be70ef2f720aefe2c51a5b8b6539c311292", kill_on_drop: false }`
[INFO] [stderr]    Compiling proc-macro2 v1.0.39
[INFO] [stderr]    Compiling unicode-ident v1.0.0
[INFO] [stderr]    Compiling syn v1.0.95
[INFO] [stderr]    Compiling libc v0.2.126
[INFO] [stderr]    Compiling log v0.4.17
[INFO] [stderr]    Compiling futures-core v0.3.21
[INFO] [stderr]    Compiling lock_api v0.4.7
[INFO] [stderr]    Compiling futures-task v0.3.21
[INFO] [stderr]     Checking smallvec v1.8.0
[INFO] [stderr]     Checking once_cell v1.12.0
[INFO] [stderr]     Checking futures-sink v0.3.21
[INFO] [stderr]     Checking bytes v1.1.0
[INFO] [stderr]    Compiling futures-channel v0.3.21
[INFO] [stderr]    Compiling pkg-config v0.3.25
[INFO] [stderr]    Compiling futures-util v0.3.21
[INFO] [stderr]    Compiling cc v1.0.73
[INFO] [stderr]     Checking slab v0.4.6
[INFO] [stderr]     Checking futures-io v0.3.21
[INFO] [stderr]     Checking itoa v1.0.2
[INFO] [stderr]     Checking tracing-core v0.1.26
[INFO] [stderr]    Compiling indexmap v1.8.2
[INFO] [stderr]    Compiling httparse v1.7.1
[INFO] [stderr]    Compiling quote v1.0.18
[INFO] [stderr]     Checking parking_lot_core v0.9.3
[INFO] [stderr]     Checking signal-hook-registry v1.4.0
[INFO] [stderr]     Checking socket2 v0.4.4
[INFO] [stderr]     Checking num_cpus v1.13.1
[INFO] [stderr]     Checking mio v0.8.3
[INFO] [stderr]     Checking parking_lot v0.12.0
[INFO] [stderr]     Checking http v0.2.7
[INFO] [stderr]     Checking hashbrown v0.11.2
[INFO] [stderr]     Checking try-lock v0.2.3
[INFO] [stderr]    Compiling openssl v0.10.40
[INFO] [stderr]     Checking want v0.3.0
[INFO] [stderr]    Compiling native-tls v0.2.10
[INFO] [stderr]     Checking matches v0.1.9
[INFO] [stderr]     Checking tower-service v0.3.1
[INFO] [stderr]     Checking tinyvec_macros v0.1.0
[INFO] [stderr]     Checking tinyvec v1.6.0
[INFO] [stderr]     Checking percent-encoding v2.1.0
[INFO] [stderr]    Compiling serde v1.0.137
[INFO] [stderr]     Checking unicode-bidi v0.3.8
[INFO] [stderr]     Checking form_urlencoded v1.0.1
[INFO] [stderr]    Compiling openssl-sys v0.9.73
[INFO] [stderr]    Compiling encoding_rs v0.8.31
[INFO] [stderr]     Checking http-body v0.4.5
[INFO] [stderr]     Checking ryu v1.0.10
[INFO] [stderr]     Checking mime v0.3.16
[INFO] [stderr]     Checking base64 v0.13.0
[INFO] [stderr]     Checking ipnet v2.5.0
[INFO] [stderr]     Checking unicode-normalization v0.1.19
[INFO] [stderr]     Checking idna v0.2.3
[INFO] [stderr]     Checking url v2.2.2
[INFO] [stderr]     Checking serde_urlencoded v0.7.1
[INFO] [stderr]    Compiling futures-macro v0.3.21
[INFO] [stderr]    Compiling tokio-macros v1.7.0
[INFO] [stderr]    Compiling tracing-attributes v0.1.21
[INFO] [stderr]    Compiling openssl-macros v0.1.0
[INFO] [stderr]    Compiling thiserror-impl v1.0.31
[INFO] [stderr]     Checking tokio v1.18.2
[INFO] [stderr]     Checking thiserror v1.0.31
[INFO] [stderr]     Checking tracing v0.1.34
[INFO] [stderr]     Checking futures-executor v0.3.21
[INFO] [stderr]     Checking futures v0.3.21
[INFO] [stderr]     Checking tokio-util v0.7.2
[INFO] [stderr]     Checking tokio-native-tls v0.3.0
[INFO] [stderr]     Checking h2 v0.3.13
[INFO] [stderr]     Checking hyper v0.14.19
[INFO] [stderr]     Checking hyper-tls v0.5.0
[INFO] [stderr]     Checking tls-listener v0.5.1
[INFO] [stderr]     Checking reqwest v0.11.10
[INFO] [stderr]     Checking simple-hyper-server-tls v0.3.2 (/opt/rustwide/workdir)
[INFO] [stdout] error[E0412]: cannot find type `TlsListener` in this scope
[INFO] [stdout]    --> src/lib.rs:278:13
[INFO] [stdout]     |
[INFO] [stdout] 278 | ) -> Result<TlsListener, Error> {
[INFO] [stdout]     |             ^^^^^^^^^^^ not found in this scope
[INFO] [stdout]     |
[INFO] [stdout] help: consider importing this struct
[INFO] [stdout]     |
[INFO] [stdout] 76  + use tls_listener::TlsListener;
[INFO] [stdout]     |
[INFO] [stdout] 
[INFO] [stdout] 
[INFO] [stdout] error[E0433]: failed to resolve: use of undeclared type `TlsListener`
[INFO] [stdout]    --> src/lib.rs:290:8
[INFO] [stdout]     |
[INFO] [stdout] 290 |     Ok(TlsListener::new_hyper(acceptor, AddrIncoming::bind(addr)?))
[INFO] [stdout]     |        ^^^^^^^^^^^ use of undeclared type `TlsListener`
[INFO] [stdout]     |
[INFO] [stdout] help: consider importing this struct
[INFO] [stdout]     |
[INFO] [stdout] 76  + use tls_listener::TlsListener;
[INFO] [stdout]     |
[INFO] [stdout] 
[INFO] [stdout] 
[INFO] [stdout] error[E0425]: cannot find value `acceptor` in this scope
[INFO] [stdout]    --> src/lib.rs:290:31
[INFO] [stdout]     |
[INFO] [stdout] 290 |     Ok(TlsListener::new_hyper(acceptor, AddrIncoming::bind(addr)?))
[INFO] [stdout]     |                               ^^^^^^^^ not found in this scope
[INFO] [stdout] 
[INFO] [stdout] 
[INFO] [stdout] error[E0412]: cannot find type `TlsListener` in this scope
[INFO] [stdout]    --> src/lib.rs:307:13
[INFO] [stdout]     |
[INFO] [stdout] 307 | ) -> Result<TlsListener, Error> {
[INFO] [stdout]     |             ^^^^^^^^^^^ not found in this scope
[INFO] [stdout]     |
[INFO] [stdout] help: consider importing this struct
[INFO] [stdout]     |
[INFO] [stdout] 76  + use tls_listener::TlsListener;
[INFO] [stdout]     |
[INFO] [stdout] 
[INFO] [stdout] 
[INFO] [stdout] error[E0433]: failed to resolve: use of undeclared type `TlsListener`
[INFO] [stdout]    --> src/lib.rs:319:8
[INFO] [stdout]     |
[INFO] [stdout] 319 |     Ok(TlsListener::new_hyper(acceptor, AddrIncoming::bind(&addr)?))
[INFO] [stdout]     |        ^^^^^^^^^^^ use of undeclared type `TlsListener`
[INFO] [stdout]     |
[INFO] [stdout] help: consider importing this struct
[INFO] [stdout]     |
[INFO] [stdout] 76  + use tls_listener::TlsListener;
[INFO] [stdout]     |
[INFO] [stdout] 
[INFO] [stdout] 
[INFO] [stdout] error[E0425]: cannot find value `acceptor` in this scope
[INFO] [stdout]    --> src/lib.rs:319:31
[INFO] [stdout]     |
[INFO] [stdout] 319 |     Ok(TlsListener::new_hyper(acceptor, AddrIncoming::bind(&addr)?))
[INFO] [stdout]     |                               ^^^^^^^^ not found in this scope
[INFO] [stdout] 
[INFO] [stdout] 
[INFO] [stdout] error[E0412]: cannot find type `TlsListener` in this scope
[INFO] [stdout]    --> src/lib.rs:336:21
[INFO] [stdout]     |
[INFO] [stdout] 336 | ) -> Result<Builder<TlsListener>, Error> {
[INFO] [stdout]     |                     ^^^^^^^^^^^ not found in this scope
[INFO] [stdout]     |
[INFO] [stdout] help: consider importing this struct
[INFO] [stdout]     |
[INFO] [stdout] 76  + use tls_listener::TlsListener;
[INFO] [stdout]     |
[INFO] [stdout] 
[INFO] [stdout] 
[INFO] [stdout] error[E0412]: cannot find type `TlsListener` in this scope
[INFO] [stdout]    --> src/lib.rs:362:21
[INFO] [stdout]     |
[INFO] [stdout] 362 | ) -> Result<Builder<TlsListener>, Error> {
[INFO] [stdout]     |                     ^^^^^^^^^^^ not found in this scope
[INFO] [stdout]     |
[INFO] [stdout] help: consider importing this struct
[INFO] [stdout]     |
[INFO] [stdout] 76  + use tls_listener::TlsListener;
[INFO] [stdout]     |
[INFO] [stdout] 
[INFO] [stdout] 
[INFO] [stdout] error: aborting due to 8 previous errors
[INFO] [stdout] 
[INFO] [stdout] 
[INFO] [stdout] Some errors have detailed explanations: E0412, E0425, E0433.
[INFO] [stdout] 
[INFO] [stdout] For more information about an error, try `rustc --explain E0412`.
[INFO] [stdout] 
[INFO] [stderr] error: could not compile `simple-hyper-server-tls` (lib) due to 9 previous errors
[INFO] [stderr] warning: build failed, waiting for other jobs to finish...
[INFO] running `Command { std: "docker" "inspect" "84390e90f01c4bfc498b6664a0c15be70ef2f720aefe2c51a5b8b6539c311292", kill_on_drop: false }`
[INFO] running `Command { std: "docker" "rm" "-f" "84390e90f01c4bfc498b6664a0c15be70ef2f720aefe2c51a5b8b6539c311292", kill_on_drop: false }`
[INFO] [stdout] 84390e90f01c4bfc498b6664a0c15be70ef2f720aefe2c51a5b8b6539c311292
